hat is w(d)?
6
Let q(p) = -3*p - 17. Let v be q(-5). Let m = 3 - v. Let s(h) = h**3 - 4*h**2 - 5*h + 4. Calculate s(m).
4
Let m(s) = 2*s - 3. Suppose -7 = -4*p + 2*t + 11, 27 = p + 4*t. Suppose 3 = 5*o - p. What is m(o)?
1
Suppose -2*z - 4 = 5*k, 2*z - z = k - 2. Let f be z/(-7) + 52/14. Let i(q) = -2 + 8 - 35*q + 68*q - 38*q + q**2. Calculate i(f).
2
Let p(t) = -2*t**3 + 3*t + 1. Let q be 9/6*20/3. Let d be q/(-6) - (-2)/(-6). Give p(d).
11
Let h(g) = -g**3 + 2*g**2 + 2*g - 2. Let t be 9/2*2/(-3). Let i be -1 - t/(-2)*-2. Calculate h(i).
2
Let c(t) = -t**2 - 8*t - 7. Let k(h) = 3*h**3 + 5*h**2 - 1. Let a be k(-2). Give c(a).
8
Suppose 6*m = 4*m + 18. Let n(g) = 3*g**2 + 9 + g - m - 5*g**2 + g**3. Give n(3).
12
Let i(z) be the first derivative of -z**4/4 - 2*z**3 + 7*z**2/2 + z - 2. Give i(-7).
1
Let i(d) = d**2 - d + 9. Suppose -5*m - 3*m = 2*m. What is i(m)?
9
Let w(t) be the first derivative of -2*t**2 + 2*t - 25. Suppose -4*h + 4 = -2*h. What is w(h)?
-6
Suppose 11 = j - 9. Let y be ((-8)/j)/(2/(-20)). Let m(k) = -k**3 + 3*k**2 + 2*k + 1. What is m(y)?
-7
Let b(f) = 2*f - 1. Let k be b(1). Let w = 1 - k. Let i(t) = -1. Let n(s) = s. Let h(q) = -4*i(q) - n(q). Calculate h(w).
4
Let a(z) = 2*z + 1. Let y(v) = v**2 + 3*v - 2. Let w be y(-4). Suppose u - 2*u + 4 = 0. Suppose -u = j - w*d, -5*j = 2*d - 3 - 13. Calculate a(j).
5
Let o(k) = 3*k**2 - 2*k - 4. Let j(f) = -f**2 - f + 1. Let p(i) = 4*j(i) + o(i). Let d = 81 + -86. Determine p(d).
5
Let d(u) = 3*u. Suppose 0 = 6*n + 2*n - 16. What is d(n)?
6
Let z(n) = n**2 - n - 1. Let m(y) = -6 - y**3 + 2 + 4. Let q be m(1). What is z(q)?
1
Let i(d) = -2*d - 11. Let h be i(-7). Suppose -r + 19 = 5*k, 0*k + 7 = 4*r - h*k. Let q(p) = p**3 - 6*p**2 + 4*p + 5. Give q(r).
-11
Let s(q) = 0*q - 3*q**2 + 0 + 6*q + 6 + 9*q**2. Let w(a) = 4 + 2 + 2*a**2 + 6*a + 3*a**2. Let z(b) = -4*s(b) + 5*w(b). What is z(-5)?
1
Let b be (-26)/(-6) - 4/12. Let h(q) = q - 4. What is h(b)?
0
Let a(m) be the first derivative of m**3/6 - 2*m - 10. Let l(f) be the first derivative of a(f). Give l(0).
0
Let g(i) be the second derivative of i**5/120 - i**4/4 + 7*i**3/6 + 9*i. Let y(u) be the second derivative of g(u). Determine y(4).
-2
Let k(t) = t**3 + 4*t**2 + 6*t + 4. Let s(i) = i**3 + 3*i**2 + 5*i + 3. Let q(c) = -2*k(c) + 3*s(c). What is q(-2)?
-9
Suppose n - 3*n + 38 = 5*x, 2*n - 6 = -x. Let u be (-60)/(-35)*7/2. Let h = u - x. Let y(l) = l**3 + 2*l**2 + 2*l + 3. What is y(h)?
-1
Let b(v) = 4*v - 2. Let r(z) be the first derivative of -z**2/2 - 6*z + 5. Let u be r(-3). Let y(h) = -7*h + 3. Let i(o) = u*y(o) - 5*b(o). Calculate i(5).
6
Let g be 1 + 2 + 4 + -2. Let s(j) = -3*j - 2. Let k(x) = -2*x - 3. Suppose 0 = -4*h - 8 - 8. Let b(z) = h*k(z) + 3*s(z). Calculate b(g).
1
Let w = -136 + 141. Let t(n) = -n + 3. What is t(w)?
-2
Let n(z) = -3 + 2*z**2 - 4*z**2 + 5*z + z**2 + 0. Give n(3).
3
Let l(a) = 2*a**2 - 2*a - 1. Let u(z) be the third derivative of z**5/60 + z**4/4 + z**3/3 - 2*z**2. Let d be u(-6). Calculate l(d).
3
Let t(c) = c**3 + 6*c**2 + 4*c + 1. Let m be t(-5). Let i be (-12)/(-4) - m/2. Let p(u) = u**2 - 2. Give p(i).
-2
Let i(q) = 8*q + 15*q + 13 - 22*q. What is i(-6)?
7
Let j(w) be the second derivative of 5*w**3/6 + w**2 - 10*w. Calculate j(-2).
-8
Suppose 4*p + 40 = 3*a, 14 = -p - 4*a + 4. Let o(f) = 2*f + 12. Calculate o(p).
-8
Let i(t) = -t - 14. Let j(k) = -k**2 + 11*k - 21. Let q be j(10). Determine i(q).
-3
Let c(y) = -2*y + 0*y + 4 + 1 + 3. Determine c(7).
-6
Let k(l) = l**2 - 5*l. Let t(h) = h**2 - 6*h. Let n(g) = 2*k(g) - 3*t(g). Let v be n(8). Let x(u) = -u**2 + u + 1. Give x(v).
1
Let q be -1*3*1 - -1. Let l(o) be the first derivative of o + 1/3*o**3 + o**2 + 2. What is l(q)?
1
Suppose 4*j - 30 = -10. Let r(s) = -s**3 + 6*s**2 - 6*s + 6. What is r(j)?
1
Suppose -2*a = 3*p - 6, 0 = 5*a + p - 2 - 26. Let x(j) = j**2 - 6*j - 4. Determine x(a).
-4
Let z(u) be the first derivative of -u**2 + 4*u - 5. Let d be 2/(-2*2)*-6. Give z(d).
-2
Let n(t) be the second derivative of -t**5/10 - t**2 + 21*t. What is n(-2)?
14
Let q(o) = -o - 4. Let z(r) = -r + 19. Let h(y) = y - 10. Let j(n) = 5*h(n) + 3*z(n). Let c(f) = -3*j(f) - 5*q(f). Determine c(0).
-1
Let n = 1 - -4. Suppose -z + d = -n, -3*d + 8 = -4*z - 6*d. Let m(v) = 8*v**2 - 3*v - 1. Let f(i) = 9*i**2 - 4*i - 1. Let c(a) = 3*f(a) - 4*m(a). Give c(z).
-4
Let a(u) be the first derivative of u**4/4 + 2*u**3 + 7*u**2/2 + 7*u + 11. Determine a(-5).
-3
Suppose -m + 4*m + 18 = 0. Let o = m - -4. Let k = -2 + o. Let p(x) = -x**3 - 4*x**2 + x + 2. What is p(k)?
-2
Let w(h) = h - 2. Let f(a) = -a**2 + 5*a + 8. Let k be (-4)/(-2)*(-14)/(-4). Let n be f(k). What is w(n)?
-8
Suppose -5*w = -j + 5, j + 5 = -0*w - 5*w. Let z be -3 + (1 - (j - 0)). Let r(a) = -4*a - 1. Give r(z).
7
Suppose -5*o + 23 = 3*g, 5*g - 2*o = 2*g - 5. Let n(k) = 5*k + 3 + g - 6*k. Determine n(-4).
8
Let p(n) = 1. Let y(j) = 2*j - 4. Let t(l) = 2*p(l) + y(l). Give t(-4).
-10
Suppose o - 4 = -4*w, -2*w + 4*o = 3*o - 2. Let n(v) = -17*v**3 - v + 1. Give n(w).
-17
Let l(m) = m**2 - 3*m + 3. Let o be l(6). Let a = o + -24. Let r(q) = q**3 + 3*q**2 + 2*q + 4. Give r(a).
-2
Let x(h) = -4*h - 14. Let c(o) = -5*o - 15. Let a(r) = 3*c(r) - 4*x(r). Calculate a(0).
11
Let l(t) be the second derivative of -13*t**3/6 - t**2/2 - 2*t. Let r(x) = -9*x - 1. Let s(b) = 5*l(b) - 7*r(b). Calculate s(-2).
6
Suppose -4*v - 13 = -9*v + 2*h, -2*h = -v + 9. Let n(x) = -9 + 2*x**3 - x**3 + v. Let m be 0*(0/(-2*2) + 1). Determine n(m).
-8
Let a(y) be the third derivative of y**5/60 - y**4/24 - 2*y**3/3 - 11*y**2 - 1. Determine a(4).
8
Let w be (-4 - (2 - 3)) + -3. Let o be w/(-2) + 2 + 0. Suppose v = 3*i + 1, v + o = 6*v - 5*i. Let c(l) = -8*l**2 - 1. Calculate c(v).
-9
Let m(l) = 2*l**2 - 3*l - 2. Let k(a) be the second derivative of -2*a**2 + 0 - 7/6*a**3 + a + 1/4*a**4. Let y(p) = 3*k(p) - 5*m(p). Calculate y(-4).
6
Let d(j) be the third derivative of -j**5/60 - j**4/3 - 3*j**3/2 - j**2. Let n be d(-6). Let q(b) = 0*b**2 + 1 + 2*b**3 - 1 + n*b**2. Calculate q(-2).
-4
Suppose 2*v - 12 = 6*v, 3*t - 5*v = 24. Suppose -t*n - 5 = -x, 3*x + 2*n = 6*n + 15. Let y(p) = p - 5. Calculate y(x).
0
Let g(j) = j**3 - 7*j**2 + 7*j + 2. Let b(v) = 3*v**3 - 15*v**2 + 15*v + 4. Let a(p) = 2*b(p) - 5*g(p). Calculate a(-6).
-8
Let x(m) be the second derivative of 0*m**2 - 1/12*m**4 + 0 + 1/24*m**5 - 1/360*m**6 + 1/6*m**3 + m. Let y(z) be the second derivative of x(z). Calculate y(4).
2
Let c(h) be the second derivative of h**3/6 - 9*h**2/2 - 7*h. Give c(0).
-9
Let p(z) = z - 2. Let o(t) = t**2 - 5*t + 2. Let f be o(5). Determine p(f).
0
Let p be 0 + ((-40)/4 - -4). Let n(k) = -k**2 + 6 + 0 - 1 - 5*k. Determine n(p).
-1
Let v(x) = 0*x**2 + 5 + 9*x - 17 + x**2. Let q be v(-10). Let o(u) = u**3 - 2*u**2 - 4*u - 2. Determine o(q).
-10
Let t(w) = -7*w**2 + 3*w - 2*w - w**3 + 2*w**3 - 2*w. Give t(7).
-7
Suppose -19 = -4*r + 5. Let x(p) be the second derivative of p**3/6 - 3*p**2 - 5*p. Calculate x(r).
0
Let j(f) be the first derivative of 11*f**4/4 + 2*f**3/3 - f - 17. Give j(1).
12
Let r(x) be the second derivative of -5/12*x**4 + 2*x + 1/20*x**5 + 1/2*x**3 + 0 - 3/2*x**2. Determine r(4).
-7
Let q(p) = -1. Let d(k) = k - 1. Let a(c) = 3*d(c) - 2*q(c). Suppose -5*g = -5*h + 15, 3*g = -2*h + 2*g. Give a(h).
2
Suppose -2*t - 3*t = -5. Let k(y) = 3*y**3 + y - 1. Give k(t).
3
Let t be 2/(-2)*1 + 3. Suppose -t*c - 5*k = -22, -1 = 4*c + 3*k - 17. Let m(h) = 2 - 2*h - 3*h**3 - 1 + 3*h**2 - h**2. Give m(c).
-2
Let s(m) be the third derivative of m**6/60 + m**5/60 - m**4/12 + m**3/6 - 9*m**2. Calculate s(1).
2
Let x(s) = s**2 + 3*s - 3. Suppose 0 = -4*u + 12 - 4. Give x(u).
7
Suppose 0 = 2*q, -5*i + 2*i = 3*q - 111. Suppose -5*l = 4*x - x + i, -2*l + 5*x + 10 = 0. Let n(c) = c**2 + 3*c + 1. What is n(l)?
11
Suppose 5*c - 22 = 8. Let a = c + -3. Let p(b) = -11*b**3 + 17*b**2 - 8*b - 5. Let r(j) = -4*j**3 + 6*j**2 - 3*j - 2. Let u(x) = -3*p(x) + 8*r(x). Give u(a).
-1
Let k(s) = -7*s + 6. Let y(l) = l**2. Let t(u) = k(u) + y(u). Let r be t(5). Let p(z) = z**2 + 2*z - 3. What is p(r)?
5
Let r be (4 + -5)*(1 - 2). Let t(m) = -6*m**3. Give t(r).
-6
Suppose -t + 9 = 4. Let h(y) = -y + 2. Let f(n) = n - 2. Let q = 6 - 12. Let s(b) = q*f(b) - 5*h(b). What is 